ded by 56?
50
Calculate the remainder when 12904624 is divided by 312.
304
What is the remainder when 187142 is divided by 62376?
14
Calculate the remainder when 398334 is divided by 416.
222
Calculate the remainder when 10877490 is divided by 43.
38
Calculate the remainder when 173926 is divided by 728.
662
What is the remainder when 251435 is divided by 35837?
576
What is the remainder when 1652933 is divided by 550595?
1148
Calculate the remainder when 115656 is divided by 826.
16
What is the remainder when 133379 is divided by 6662?
139
What is the remainder when 403903 is divided by 134176?
1375
Calculate the remainder when 5965293 is divided by 534.
513
Calculate the remainder when 1218594 is divided by 360.
354
Calculate the remainder when 16815782 is divided by 664.
646
What is the remainder when 11292 is divided by 653?
191
What is the remainder when 43213 is divided by 3601?
1
Calculate the remainder when 19245 is divided by 77.
72
Calculate the remainder when 150023170 is divided by 78.
76
What is the remainder when 3858206 is divided by 5221?
5108
Calculate the remainder when 1334117 is divided by 31761.
155
Calculate the remainder when 1859406 is divided by 265629.
3
Calculate the remainder when 156733 is divided by 48.
13
Calculate the remainder when 1378230 is divided by 27.
15
Calculate the remainder when 22959622 is divided by 382660.
22
Calculate the remainder when 52521554 is divided by 27527.
38
Calculate the remainder when 96237 is divided by 373.
3
What is the remainder when 96956474 is divided by 3399?
3398
What is the remainder when 20414033 is divided by 80?
33
Calculate the remainder when 6445932 is divided by 5012.
500
Calculate the remainder when 2798742 is divided by 3654.
3432
Calculate the remainder when 7287 is divided by 2512.
2263
What is the remainder when 1468573539 is divided by 493?
489
Calculate the remainder when 53443840 is divided by 240738.
4
What is the remainder when 246820 is divided by 976?
868
Calculate the remainder when 37869400 is divided by 284.
272
What is the remainder when 127304 is divided by 120841?
6463
Calculate the remainder when 1483440 is divided by 149.
145
Calculate the remainder when 72718 is divided by 3160.
38
What is the remainder when 48667280 is divided by 9733448?
40
Calculate the remainder when 6069875 is divided by 6076.
6027
What is the remainder when 655996 is divided by 8410?
16
Calculate the remainder when 45418 is divided by 45177.
241
Calculate the remainder when 121884 is divided by 8704.
28
What is the remainder when 2745307 is divided by 12?
7
Calculate the remainder when 1587519 is divided by 317479.
124
Calculate the remainder when 29798754 is divided by 442.
440
What is the remainder when 1167619 is divided by 4054?
67
Calculate the remainder when 94482290 is divided by 2362057.
10
What is the remainder when 408049 is divided by 11332?
97
What is the remainder when 36748 is divided by 3563?
1118
Calculate the remainder when 91699300 is divided by 15.
10
Calculate the remainder when 468639638 is divided by 70.
68
What is the remainder when 342567134 is divided by 2?
0
Calculate the remainder when 187090 is divided by 23239.
1178
Calculate the remainder when 103806 is divided by 48208.
7390
Calculate the remainder when 160104 is divided by 39995.
124
Calculate the remainder when 26557168 is divided by 14.
8
Calculate the remainder when 497050 is divided by 112.
106
What is the remainder when 36480 is divided by 35671?
809
Calculate the remainder when 915188 is divided by 33.
32
Calculate the remainder when 4599071 is divided by 1486.
1387
Calculate the remainder when 280746914 is divided by 2976.
2
What is the remainder when 240409 is divided by 3535?
29
What is the remainder when 2799600 is divided by 342?
330
Calculate the remainder when 68646815 is divided by 17161702.
7
Calculate the remainder when 41478929 is divided by 18.
17
What is the remainder when 2641621 is divided by 103?
83
Calculate the remainder when 2506819 is divided by 835603.
10
What is the remainder when 3581105 is divided by 1057?
1046
Calculate the remainder when 734668 is divided by 91833.
4
Calculate the remainder when 1774199 is divided by 96.
23
What is the remainder when 6466998 is divided by 200?
198
What is the remainder when 62827 is divided by 1480?
667
What is the remainder when 86898 is divided by 1279?
1205
Calculate the remainder when 26676 is divided by 20790.
5886
Calculate the remainder when 106795 is divided by 773.
121
What is the remainder when 25566593 is divided by 603?
599
Calculate the remainder when 10970 is divided by 10798.
172
What is the remainder when 189977 is divided by 6516?
1013
What is the remainder when 831056 is divided by 570?
566
What is the remainder when 1877985 is divided by 625991?
12
What is the remainder when 19267948 is divided by 778?
0
Calculate the remainder when 7284622 is divided by 2227.
105
Calculate the remainder when 1103463 is divided by 4541.
0
Calculate the remainder when 51524 is divided by 487.
389
Calculate the remainder when 222626 is divided by 2502.
2450
Calculate the remainder when 141203 is divided by 27228.
5063
Calculate the remainder when 2221617 is divided by 60042.
63
Calculate the remainder when 3062940 is divided by 117.
114
What is the remainder when 174626 is divided by 87133?
360
Calculate the remainder when 47357 is divided by 4017.
3170
What is the remainder when 15275 is divided by 1172?
39
Calculate the remainder when 229341 is divided by 22905.
291
Calculate the remainder when 68669 is divided by 17131.
145
Calculate the remainder when 14619048 is divided by 1624338.
6
What is the remainder when 9819808 is divided by 27?
16
What is the remainder when 58375444 is divided by 19?
15
What is the remainder when 15512768 is divided by 168?
152
Calculate the remainder when 545928844 is divided by 593.
591
Calculate the remainder when 1170808 is divided by 26017.
43
What is the remainder when 177476110 is divided by 76?
74
What is the remainder when 18586 is divided by 6127?
205
Calculate the remainder when 249831 is divided by 19167.
660
What is the remainder when 2845373 is divided by 1422662?
49
What is the remainder when 1632046 is divided by 2828?
290
Calculate the remainder when 1988740 is divided by 662593.
961
What is the remainder when 148574 is divided by 21019?
1441
Calculate the remainder when 38360704 is divided by 685.
19
What is the remainder when 1019486 is divided by 20388?
86
Calculate the remainder when 304595 is divided by 1088.
1043
Calculate the remainder when 240008 is divided by 7701.
1277
What is the remainder when 4266 is divided by 446?
252
What is the remainder when 34832 is divided by 8422?
1144
What is the remainder when 6944301 is divided by 144668?
237
What is the remainder when 43516197 is divided by 168?
165
Calculate the remainder when 13443545 is divided by 1920505.
10
What is the remainder when 2643965 is divided by 1492?
141
Calculate the remainder when 839821 is divided by 153.
4
What is the remainder when 148624 is divided by 37100?
224
Calculate the remainder when 71664 is divided by 6297.
2397
What is the remainder when 2854847 is divided by 570963?
32
What is the remainder when 25644283 is divided by 2594?
2593
What is the remainder when 48695 is divided by 23989?
717
Calculate the remainder when 27312596 is divided by 392.
388
What is the remainder when 524080 is divided by 26175?
580
What is the remainder when 2078586 is divided by 401?
203
Calculate the remainder when 3143278 is divided by 2344.
2318
Calculate the remainder when 16979 is divided by 1139.
1033
Calculate the remainder when 54481 is divided by 203.
77
Calculate the remainder when 385988 is divided by 719.
604
What is the remainder when 606392 is divided by 103?
31
Calculate the remainder when 96455 is divided by 93647.
2808
Calculate the remainder when 1686038 is divided by 1382.
1380
What is the remainder when 72291 is divided by 435?
81
What is the remainder when 346662 is divided by 237?
168
Calculate the remainder when 124061 is divided by 24670.
711
What is the remainder when 47204168 is divided by 2145642?
44
Calculate the remainder when 587990 is divided by 587911.
79
What is the remainder when 377